911?
41
What is the highest common divisor of 49 and 12299?
49
What is the greatest common factor of 290 and 14645?
145
What is the greatest common divisor of 2482 and 34?
34
Calculate the greatest common factor of 2493 and 27.
9
What is the highest common divisor of 8976 and 132?
132
What is the highest common divisor of 1000 and 9600?
200
Calculate the highest common factor of 184 and 40.
8
Calculate the greatest common divisor of 1243 and 11.
11
Calculate the greatest common factor of 735 and 4200.
105
Calculate the greatest common divisor of 1755 and 7965.
135
Calculate the highest common factor of 120 and 160.
40
What is the highest common factor of 40 and 40?
40
Calculate the highest common factor of 585 and 156.
39
Calculate the greatest common divisor of 2064 and 368.
16
Calculate the highest common divisor of 22 and 66.
22
Calculate the greatest common divisor of 1359 and 27.
9
What is the highest common divisor of 589 and 19?
19
What is the greatest common divisor of 410 and 82?
82
What is the highest common factor of 36 and 657?
9
What is the greatest common divisor of 114 and 1178?
38
Calculate the highest common factor of 4997 and 133.
19
What is the highest common divisor of 104 and 156?
52
What is the greatest common factor of 20 and 6?
2
What is the greatest common factor of 4 and 468?
4
What is the greatest common divisor of 51 and 1513?
17
Calculate the greatest common factor of 40 and 104.
8
Calculate the greatest common factor of 260 and 7410.
130
Calculate the greatest common divisor of 48 and 204.
12
Calculate the greatest common divisor of 86 and 7439.
43
What is the greatest common divisor of 848 and 96?
16
What is the highest common divisor of 10900 and 100?
100
Calculate the highest common factor of 952 and 3528.
56
Calculate the highest common divisor of 1498 and 56.
14
What is the highest common factor of 9080 and 40?
40
What is the highest common factor of 637 and 13?
13
What is the greatest common factor of 190 and 855?
95
What is the highest common divisor of 407 and 22?
11
What is the greatest common factor of 7 and 1120?
7
What is the greatest common divisor of 141 and 376?
47
Calculate the highest common factor of 25470 and 30.
30
What is the greatest common divisor of 117 and 39?
39
Calculate the highest common factor of 1188 and 132.
132
What is the greatest common divisor of 8 and 95?
1
Calculate the highest common factor of 3964 and 4.
4
Calculate the greatest common factor of 55 and 10.
5
What is the greatest common factor of 4 and 92?
4
What is the highest common factor of 270 and 350?
10
Calculate the highest common factor of 8308 and 31.
31
Calculate the highest common divisor of 498 and 6.
6
What is the greatest common factor of 61 and 3477?
61
Calculate the greatest common factor of 40 and 260.
20
What is the highest common divisor of 140 and 126?
14
Calculate the highest common factor of 285 and 30.
15
What is the greatest common factor of 24 and 152?
8
Calculate the highest common divisor of 57 and 57.
57
What is the highest common factor of 462 and 132?
66
Calculate the greatest common divisor of 15015 and 35.
35
Calculate the highest common factor of 6 and 23.
1
What is the greatest common divisor of 4 and 36?
4
What is the greatest common factor of 52 and 3614?
26
What is the highest common factor of 160 and 400?
80
Calculate the greatest common factor of 18419 and 339.
113
Calculate the highest common divisor of 21 and 609.
21
Calculate the highest common divisor of 2502 and 6.
6
Calculate the highest common divisor of 8 and 164.
4
Calculate the greatest common divisor of 686 and 728.
14
Calculate the greatest common divisor of 1323 and 588.
147
What is the greatest common divisor of 63 and 3087?
63
Calculate the greatest common factor of 61 and 6893.
61
What is the highest common factor of 21 and 231?
21
What is the greatest common divisor of 6 and 2138?
2
What is the highest common divisor of 1480 and 80?
40
Calculate the highest common divisor of 109 and 3379.
109
What is the highest common factor of 144 and 2484?
36
What is the greatest common divisor of 8 and 13084?
4
What is the greatest common factor of 66 and 1551?
33
What is the highest common divisor of 66 and 99?
33
What is the greatest common divisor of 693 and 21?
21
What is the highest common divisor of 1 and 512?
1
What is the greatest common factor of 687 and 45571?
229
Calculate the highest common divisor of 166 and 747.
83
Calculate the greatest common factor of 216 and 27.
27
What is the greatest common divisor of 56 and 28?
28
What is the highest common divisor of 5628 and 189?
21
What is the greatest common divisor of 4369 and 34?
17
Calculate the greatest common factor of 189 and 651.
21
What is the greatest common divisor of 42 and 354?
6
What is the highest common factor of 106 and 477?
53
Calculate the highest common divisor of 20165 and 185.
185
What is the highest common factor of 5 and 295?
5
Calculate the greatest common factor of 1440 and 24.
24
Calculate the highest common divisor of 460 and 138.
46
Calculate the greatest common divisor of 15945 and 15.
15
Calculate the highest common divisor of 225 and 40.
5
What is the highest common factor of 42 and 112?
14
Calculate the highest common divisor of 7212 and 24.
12
What is the greatest common factor of 2128 and 24?
8
Calculate the greatest common factor of 424 and 8321.
53
Calculate the greatest common factor of 62 and 4.
2
What is the greatest common divisor of 49 and 6811?
49
Calculate the highest common divisor of 463 and 11.
1
Calculate the highest common factor of 763 and 49.
7
Calculate the greatest common factor of 8 and 1784.
8
What is the highest common factor of 272 and 221?
17
Calculate the highest common divisor of 750 and 5475.
75
Calculate the highest common divisor of 441 and 168.
21
Calculate the highest common factor of 14 and 37142.
14
Calculate the greatest common factor of 242 and 264.
22
What is the highest common factor of 3 and 96?
3
What is the greatest common divisor of 814 and 1813?
37
Calculate the greatest common divisor of 160 and 256.
32
Calculate the highest common factor of 20 and 65.
5
Calculate the highest common factor of 18 and 22662.
18
What is the highest common divisor of 32619 and 83?
83
Calculate the highest common factor of 1496 and 88.
88
What is the highest common factor of 742 and 616?
14
What is the greatest common factor of 11211 and 111?
111
Calculate the greatest common factor of 76 and 15010.
38
Calculate the highest common factor of 413 and 1711.
59
What is the greatest common divisor of 810 and 30?
30
What is the highest common divisor of 6076 and 49?
49
Calculate the greatest common factor of 1264 and 272.
16
Calculate the highest common divisor of 203 and 6525.
29
What is the greatest common factor of 10 and 130?
10
What is the highest common divisor of 41111 and 49?
49
What is the highest common divisor of 106 and 265?
53
Calculate the highest common factor of 136 and 10591.
17
What is the highest common divisor of 60980 and 20?
20
What is the greatest common factor of 66390 and 30?
30
Calculate the highest common factor of 16 and 8.
8
What is the highest common factor of 130 and 4108?
26
Calculate the highest common factor of 52 and 2418.
26
Calculate the highest common divisor of 380 and 80.
20
Calculate the highest common factor of 125 and 45.
5
Calculate the highest common factor of 70 and 30.
10
Calculate the highest common factor of 403 and 13.
13
What is the greatest common factor of 4048 and 176?
176
What is the greatest common factor of 39 and 12961?
13
Calculate the highest common factor of 2812 and 266.
38
Calculate the greatest common factor of 256 and 112.
16
What is the highest common factor of 529 and 207?
23
What is the greatest common factor of 27 and 74223?
27
What is the highest common divisor of 105 and 546?
21
What is the highest common divisor of 72 and 88?
8
Calculate the greatest common divisor of 195 and 52.
13
What is the highest common factor of 8577 and 45?
9
Calculate the highest common factor of 312 and 7872.
24
What is the highest common factor of 35 and 145?
5
What is the greatest common factor of 7150 and 10?
10
Calculate the highest common factor of 2223 and 855.
171
What